actor of 62016?
True
Is 57 a factor of 742938?
True
Is 235389 a multiple of 92?
False
Does 12 divide 105972?
True
Does 19 divide 13314?
False
Is 9 a factor of 61341?
False
Is 8 a factor of 87952?
True
Does 112 divide 12783405?
False
Does 195 divide 606645?
True
Does 24 divide 39149?
False
Is 34 a factor of 1097973?
False
Is 105756 a multiple of 65?
False
Does 309 divide 1036695?
True
Is 1064 a factor of 1182104?
True
Is 633028 a multiple of 11?
True
Does 72 divide 1206288?
True
Is 1626783 a multiple of 7?
False
Does 542 divide 39085?
False
Is 132020 a multiple of 46?
True
Is 5 a factor of 612930?
True
Is 583352 a multiple of 616?
True
Is 16 a factor of 87789?
False
Is 1042650 a multiple of 21?
True
Is 1553152 a multiple of 256?
True
Is 210755 a multiple of 61?
True
Does 232 divide 2464304?
True
Does 120 divide 570960?
True
Is 6511833 a multiple of 153?
True
Is 17 a factor of 1483?
False
Is 51 a factor of 138669?
True
Is 568395 a multiple of 765?
True
Is 23 a factor of 15921580?
False
Is 355605 a multiple of 15?
True
Is 3677029 even?
False
Is 502 a factor of 6060393?
False
Is 25 a factor of 5975?
True
Is 3826288 a multiple of 20?
False
Is 3251391 a multiple of 39?
True
Does 167 divide 63126?
True
Is 41 a factor of 1246423?
False
Does 432 divide 76032?
True
Is 1092552 a multiple of 100?
False
Is 43 a factor of 141427?
True
Is 10 a factor of 1609904?
False
Is 20 a factor of 2459940?
True
Is 5344882 a multiple of 54?
False
Is 367 a factor of 126615?
True
Is 599661 a multiple of 16?
False
Is 1046241 a multiple of 347?
False
Is 32 a factor of 1407762?
False
Is 61 a factor of 1510604?
True
Is 46 a factor of 730066?
True
Is 6378720 a multiple of 491?
False
Is 428 a factor of 6024100?
True
Does 34 divide 15364815?
False
Is 374 a factor of 7522262?
True
Is 39 a factor of 172107?
True
Is 13 a factor of 61399?
True
Is 3 a factor of 27145?
False
Is 524070 a multiple of 647?
True
Is 308101 a multiple of 59?
False
Is 1742999 a multiple of 9?
False
Is 230 a factor of 276920?
True
Is 126541 a multiple of 32?
False
Is 17 a factor of 252812?
False
Does 316 divide 5872860?
True
Does 11 divide 334400?
True
Is 40 a factor of 176626?
False
Is 11 a factor of 443817?
True
Is 1514210 a multiple of 92?
False
Does 4 divide 322104?
True
Is 20 a factor of 349040?
True
Is 46 a factor of 5473993?
False
Does 29 divide 4424?
False
Does 113 divide 1200342?
False
Does 94 divide 15224126?
False
Is 6123180 a multiple of 956?
True
Is 78 a factor of 177918?
True
Is 1135782 a multiple of 6?
True
Is 108 a factor of 468202?
False
Is 450898 a multiple of 18?
False
Is 2855253 a multiple of 3?
True
Does 17 divide 938978?
True
Is 11748 a multiple of 66?
True
Is 9007379 a multiple of 7?
False
Is 412482 a multiple of 69?
True
Is 129 a factor of 18060?
True
Does 53 divide 135945?
True
Does 13 divide 427687?
True
Is 16 a factor of 61919?
False
Is 44 a factor of 9874583?
False
Is 1498400 a multiple of 8?
True
Is 330 a factor of 117434?
False
Is 4461540 a multiple of 1644?
False
Is 30709 a multiple of 74?
False
Is 35 a factor of 857519?
False
Is 13 a factor of 3750225?
False
Is 157 a factor of 618842?
False
Does 289 divide 189295?
True
Is 5 a factor of 2010430?
True
Is 216 a factor of 352239?
False
Is 920508 a multiple of 971?
True
Is 65691 a multiple of 5?
False
Is 14 a factor of 13271454?
True
Is 174654 a multiple of 35?
False
Is 26582 a multiple of 2?
True
Does 18 divide 121788?
True
Does 56 divide 168988?
False
Is 9 a factor of 1316460?
False
Is 906855 a multiple of 6?
False
Does 152 divide 1092728?
True
Is 519 a factor of 7986891?
True
Is 986 a factor of 9694352?
True
Is 10576448 a multiple of 544?
True
Does 123 divide 893349?
True
Does 249 divide 926778?
True
Does 33 divide 395853?
False
Does 3 divide 15906?
True
Does 849 divide 76410?
True
Is 49 a factor of 16846279?
False
Is 133 a factor of 1268820?
True
Is 7029750 a multiple of 1625?
True
Is 618 a factor of 27805235?
False
Is 3650692 a multiple of 121?
False
Is 139 a factor of 115412?
False
Is 148382 a multiple of 71?
False
Does 360 divide 187149?
False
Is 33 a factor of 5102922?
True
Does 86 divide 6301310?
False
Is 1946265 a multiple of 57?
True
Does 547 divide 1118250?
False
Is 1062354 a multiple of 73?
False
Is 26 a factor of 18688461?
False
Is 170373 a multiple of 8?
False
Does 117 divide 2773602?
True
Does 36 divide 103910?
False
Does 245 divide 2709553?
False
Is 996 a factor of 1242237?
False
Is 181 a factor of 31767?
False
Does 41 divide 4121156?
True
Is 310225 a multiple of 13?
False
Does 39 divide 16503?
False
Is 132576 a multiple of 12?
True
Is 12936 a multiple of 44?
True
Is 4 a factor of 93148?
True
Is 311920 a multiple of 146?
False
Does 85 divide 267119?
False
Is 135 a factor of 2029860?
True
Is 900132 a multiple of 12?
True
Is 2824782 a multiple of 23?
False
Is 6590867 a multiple of 235?
False
Is 8870758 a multiple of 247?
True
Is 27 a factor of 32134941?
True
Is 4 a factor of 79219?
False
Is 5275 a multiple of 5?
True
Is 7 a factor of 193074?
True
Is 329 a factor of 43757?
True
Is 5 a factor of 20825?
True
Is 1046 a factor of 6385779?
False
Does 56 divide 743763?
False
Does 326 divide 132356?
True
Is 13 a factor of 1839879?
False
Is 932557 a multiple of 35?
False
Is 31835 a multiple of 5?
True
Does 101 divide 1199616?
False
Is 43629 a multiple of 2?
False
Does 32 divide 208418?
False
Is 364117 a multiple of 8?
False
Does 32 divide 817683?
False
Is 143 a factor of 163210?
False
Is 896638 a multiple of 551?
False
Is 2336400 a multiple of 600?
True
Is 136 a factor of 170833?
False
Is 13433264 a multiple of 136?
True
Is 14 a factor of 136216?
False
Does 4 divide 778737?
False
Is 127512 a multiple of 66?
True
Is 1042080 a multiple of 16?
True
Is 86 a factor of 279407?
False
Is 150420 a multiple of 23?
True
Is 17 a factor of 22559?
True
Is 31 a factor of 196896?
False
Is 6 a factor of 438924?
True
Is 57764 a multiple of 14?
True
Is 284 a factor of 287692?
True
Does 927 divide 1756803?
False
Does 22 divide 5938295?
False
Is 513540 a multiple of 46?
False
Is 583 a factor of 464489?
False
Is 738843 a multiple of 95?
False
Is 444 a factor of 98528?
False
Is 1106 a factor of 3412473?
False
Is 888 a factor of 2121173?
False
Is 65 a factor of 464227?
False
Is 12581371 a multiple of 15?
False
Does 8 divide 43256?
True
Is 9243531 a multiple of 87?
False
Does 123 divide 1300888?
False
Is 16 a factor of 2964156?
False
Does 179 divide 82735?
False
Does 10 divide 1637550?
True
Is 200 a factor of 2472153?
False
Does 47 divide 550893?
False
Is 3115608 a multiple of 135?
False
Is 119912 a multiple of 14?
False
Is 14 a factor of 3922643?
False
Is 12 a factor of 3003651?
False
Does 6 divide 7902?
True
Does 26 divide 531636?
False
Is 3 a factor of 14418?
True
Is 955500 a multiple of 7?
True
Is 55251 a multiple of 7?
True
Does 121 divide 1174126?
False
Is 14 a factor of 16688?
True
Is 8 a factor of 41352?
True
Does 445 divide 153970?
True
Does 22 divide 187978?
False
Is 1048858 a multiple of 49?
False
Is 37 a factor of 2034976?
False
Does 1354 divide 10963338?
True
Is 302906 a multiple of 14?
False
Does 266 divide 3910732?
True
Does 69 divide 589329?
True
Does 312 divide 86981?
False
Is 44 a factor of 379808?
True
Does 628 divide 7081956?
True
Is 168 a factor of 41328?
True
Is 2 a factor of 291087?
False
Does 324 divide 2669436?
True
Is 31 a factor of 282410?
True
Does 92 divide 7321206?
False
Does 10 divide 187900?
True
Is 7 a factor of 437934?
True
Does 5 divide 241111?
False
Does 46 divide 549770?
False
Does 111 divide 248862?
True
Is 14 a factor of 1991561?
False
Is 27 a factor of 28456?
False
Is 6 a factor of 28488?
True
Is 1740042 a multiple of 207?
True
Is 129 a factor of 304603?
False
Is 10 a factor of 514062?
False
Is 6 a factor of 3763573?
False
Does 533 divide 284089?
True
Is 29 a factor of 11946?
False
Is 8 a factor of 12648?
True
Is 26 a factor of 450190?
True
Is 553285 a multiple of 296?
False
Is 21764807 a multiple of 98?
False
Is 18865 a multiple of 74?
False
Is 571 a factor of 3091926?
False
Is 186270 a multiple of 14?
True
Does 525 divide 5265750?
True
Does 441 divide 1406790?
True
Does 6 divide 36498?
True
Does 152 divide 3947288?
True
Does 22 divide 191549?
False
Does 34 divide 6052?
True
Is 52 a factor of 307892?
True
I